tors of 4171591?
4171591
What are the prime factors of 501302?
2, 47, 5333
What are the prime factors of 1684991?
7, 11, 79, 277
What are the prime factors of 755010?
2, 3, 5, 8389
List the prime factors of 2238925.
5, 13, 83
What are the prime factors of 151655?
5, 7, 619
List the prime factors of 9446608.
2, 59, 10007
What are the prime factors of 2717967?
3, 7, 29, 4463
List the prime factors of 30475637.
109, 279593
List the prime factors of 14699717.
2593, 5669
List the prime factors of 1239817.
1239817
What are the prime factors of 58469?
59, 991
What are the prime factors of 610586?
2, 397, 769
List the prime factors of 246002.
2, 123001
What are the prime factors of 8236696?
2, 13, 29, 2731
What are the prime factors of 10092170?
2, 5, 11, 23, 3989
List the prime factors of 5240722.
2, 193, 13577
List the prime factors of 546017.
546017
What are the prime factors of 1056008?
2, 132001
What are the prime factors of 346598?
2, 7, 19, 1303
List the prime factors of 8997261.
3, 7, 13, 32957
List the prime factors of 904388.
2, 311, 727
What are the prime factors of 32505358?
2, 103, 157793
List the prime factors of 1930508.
2, 482627
List the prime factors of 23346.
2, 3, 1297
What are the prime factors of 4856466?
2, 3, 409, 1979
List the prime factors of 470255.
5, 163, 577
List the prime factors of 6532989.
3, 23, 73, 1297
What are the prime factors of 189807?
3, 151, 419
List the prime factors of 229282.
2, 114641
List the prime factors of 14913779.
367, 40637
What are the prime factors of 3146986?
2, 199, 7907
What are the prime factors of 335706?
2, 3, 7, 7993
List the prime factors of 40363.
181, 223
What are the prime factors of 115919?
19, 6101
What are the prime factors of 488610?
2, 3, 5, 61, 89
List the prime factors of 186662.
2, 7, 67, 199
What are the prime factors of 68856?
2, 3, 19, 151
What are the prime factors of 38439?
3, 4271
What are the prime factors of 2621903?
2621903
What are the prime factors of 430588?
2, 107647
List the prime factors of 1307501.
13, 43, 2339
What are the prime factors of 516062?
2, 258031
What are the prime factors of 206360?
2, 5, 7, 11, 67
List the prime factors of 27417.
3, 13, 19, 37
What are the prime factors of 244075?
5, 13, 751
What are the prime factors of 3309522?
2, 3, 551587
List the prime factors of 993711.
3, 139, 2383
List the prime factors of 37566.
2, 3, 2087
List the prime factors of 259006.
2, 11, 61, 193
What are the prime factors of 3180?
2, 3, 5, 53
List the prime factors of 4052974.
2, 2026487
What are the prime factors of 799212?
2, 3, 66601
List the prime factors of 1480877.
43, 34439
List the prime factors of 167805.
3, 5, 11, 113
What are the prime factors of 116398?
2, 58199
What are the prime factors of 233359?
7, 17, 37, 53
What are the prime factors of 9374082?
2, 3, 1562347
What are the prime factors of 617249?
617249
List the prime factors of 305989.
67, 4567
List the prime factors of 2149325.
5, 149, 577
What are the prime factors of 897241?
897241
What are the prime factors of 1101527?
7, 37, 4253
List the prime factors of 3525443.
17, 29, 7151
What are the prime factors of 927964?
2, 139, 1669
What are the prime factors of 27967362?
2, 3, 1753, 2659
What are the prime factors of 110924?
2, 11, 2521
What are the prime factors of 56781?
3, 701
What are the prime factors of 35161?
7, 5023
What are the prime factors of 293365?
5, 23, 2551
List the prime factors of 1930846.
2, 965423
What are the prime factors of 3003524?
2, 23, 32647
List the prime factors of 122089.
11, 1009
List the prime factors of 7304609.
13, 211, 2663
What are the prime factors of 16236370?
2, 5, 43, 61, 619
List the prime factors of 5263083.
3, 7, 27847
What are the prime factors of 7160117?
41, 174637
List the prime factors of 6854528.
2, 53551
What are the prime factors of 1253270?
2, 5, 23, 5449
List the prime factors of 1211125.
5, 9689
List the prime factors of 4568850.
2, 3, 5, 11, 13, 71
List the prime factors of 653631.
3, 11, 29, 683
What are the prime factors of 36283?
13, 2791
What are the prime factors of 34804?
2, 7, 11, 113
What are the prime factors of 6665819?
17, 241, 1627
List the prime factors of 7433990.
2, 5, 47, 15817
What are the prime factors of 382395?
3, 5, 13, 37, 53
List the prime factors of 638410.
2, 5, 63841
List the prime factors of 377359.
19, 19861
What are the prime factors of 5389642?
2, 37, 173, 421
List the prime factors of 642476.
2, 160619
What are the prime factors of 464235?
3, 5, 30949
List the prime factors of 487700.
2, 5, 4877
List the prime factors of 288015.
3, 5, 7, 13, 211
List the prime factors of 624694.
2, 7, 44621
List the prime factors of 7565008.
2, 11, 53, 811
What are the prime factors of 25957999?
25957999
What are the prime factors of 14953061?
193, 77477
List the prime factors of 161623.
7, 11, 2099
List the prime factors of 27868713.
3, 9289571
List the prime factors of 326565.
3, 5, 41, 59
What are the prime factors of 3353721?
3, 7, 159701
List the prime factors of 7374670.
2, 5, 41, 17987
List the prime factors of 446755.
5, 199, 449
List the prime factors of 611706.
2, 3, 269, 379
What are the prime factors of 14289643?
613, 23311
What are the prime factors of 737114?
2, 7, 37, 1423
List the prime factors of 22189423.
22189423
List the prime factors of 1716091.
13, 101, 1307
List the prime factors of 559690.
2, 5, 97, 577
What are the prime factors of 250692?
2, 3, 13, 1607
What are the prime factors of 5348?
2, 7, 191
What are the prime factors of 5061031?
5061031
What are the prime factors of 6827915?
5, 1365583
What are the prime factors of 3948926?
2, 461, 4283
What are the prime factors of 22264756?
2, 61, 91249
What are the prime factors of 60337?
60337
What are the prime factors of 3192903?
3, 7, 59, 859
List the prime factors of 230823.
3, 83, 103
What are the prime factors of 191428?
2, 47857
What are the prime factors of 639840?
2, 3, 5, 31, 43
List the prime factors of 2235623.
13, 23, 7477
What are the prime factors of 1213099?
29, 59, 709
What are the prime factors of 15228439?
647, 23537
What are the prime factors of 354284?
2, 7, 12653
What are the prime factors of 3360200?
2, 5, 53, 317
What are the prime factors of 181240?
2, 5, 23, 197
List the prime factors of 585164.
2, 146291
List the prime factors of 2733108.
2, 3, 7, 32537
What are the prime factors of 212205?
3, 5, 7, 43, 47
List the prime factors of 3916797.
3, 1305599
List the prime factors of 196504.
2, 7, 11, 29
What are the prime factors of 8542681?
7, 43, 101, 281
What are the prime factors of 3935810?
2, 5, 393581
List the prime factors of 2425498.
2, 37, 73, 449
List the prime factors of 8064234.
2, 3, 448013
What are the prime factors of 486483?
3, 31, 5231
List the prime factors of 173242.
2, 19, 47, 97
What are the prime factors of 628466?
2, 314233
What are the prime factors of 17701335?
3, 5, 17, 857
What are the prime factors of 282495?
3, 5, 37, 509
List the prime factors of 1007742.
2, 3, 53, 3169
List the prime factors of 387618.
2, 3, 7, 11, 839
List the prime factors of 13755758.
2, 587, 11717
List the prime factors of 2628205.
5, 525641
List the prime factors of 9233512.
2, 271, 4259
List the prime factors of 4626825.
3, 5, 7, 1259
What are the prime factors of 5391974?
2, 7, 385141
List the prime factors of 7366098.
2, 3, 1227683
List the prime factors of 689227.
7, 11, 8951
What are the prime factors of 3998022?
2, 3, 7, 95191
What are the prime factors of 6389011?
1129, 5659
What are the prime factors of 21057?
3, 7019
List the prime factors of 3466362.
2, 3, 71, 79, 103
List the prime factors of 1214071.
53, 22907
What are the prime factors of 2234640?
2, 3, 5, 9311
List the prime factors of 131081.
19, 6899
List the prime factors of 12435273.
3, 1381697
What are the prime factors of 15591593?
53, 294181
What are the prime factors of 90348?
2, 3, 7529
List the prime factors of 64922.
2, 11, 13, 227
List the prime factors of 5401332.
2, 3, 59, 2543
List the prime factors of 124663.
7, 11, 1619
List the prime factors of 726168.
2, 3, 79, 383
List the prime factors of 753929.
11, 68539
List the prime factors of 524251.
7, 13, 823
List the prime factors of 13800838.
2, 17, 71, 5717
What are the prime factors of 7382949?
3, 7,